ded by l(1).
1
Suppose 5*j - 70 - 75 = 0. Let a = -11 + j. Calculate the remainder when 1488/a*(-6)/(-4) is divided by 25.
24
Suppose 5*w + 47 = 122. What is the remainder when w is divided by 7?
1
Suppose 0 = 20*l - 2194 - 1166. Calculate the remainder when l is divided by 29.
23
Let u(q) = -36*q - 1042. Suppose 0 = 4*m - 4. Calculate the remainder when u(-29) is divided by m.
0
Suppose -3*m + 13 = a, -3*m = -2*a - 0*a - 1. Calculate the remainder when 20/(((-1)/a)/(9/(-18))) is divided by 14.
12
Let k be (1*-20 - 1)/1. Let m = k - -55. Calculate the remainder when m is divided by 486/(-90)*25/(-15).
7
Suppose 0 = -2*m - 0*m + 150. Let q = -16 + m. What is the remainder when q is divided by 20?
19
Let h(v) = v + 10. Let c be h(-10). Suppose 5*q - 9 = -3*m, 2*m + q + 2*q - 6 = c. Suppose -m*a + 5 = -37. Calculate the remainder when 27 is divided by a.
13
Suppose 2*f - 51 = 5*b, -f + 1522*b = 1519*b - 29. Calculate the remainder when f is divided by 1/(1*-1) + 3.
0
Let d(b) = b**2 + 3*b - 10. Let z(o) = -7 + 2*o**3 - 6*o + o**3 + 5*o**2 + 2*o**2 - 4*o**3. Let c be z(6). Calculate the remainder when 33 is divided by d(c).
15
Let o = 381 + -366. Calculate the remainder when 77 is divided by o.
2
Suppose -2093 + 293 = -40*u. What is the remainder when 265 is divided by u?
40
Suppose -273*w + 268*w = -310. Calculate the remainder when 180 is divided by w.
56
Let s = 425 + -69. What is the remainder when 37 is divided by s/28 + (-2)/(-7)?
11
Suppose 2*c + g = 43, -3*c + 5*c - 4*g = 28. Calculate the remainder when c is divided by 2.
0
Let p = 130 - 69. Suppose 0 = 2*a - m - p, a - 36 = -0*a - 5*m. Let q = a - 20. What is the remainder when 32 is divided by q?
10
Suppose -2*g + 54 = 2*t, 4*t + 4*g = 6*g + 120. Let p = -1023 + 1041. Calculate the remainder when t is divided by p.
11
Let p be 225/30*1/5*-36. Let d = 36 - p. What is the remainder when d is divided by 23?
21
Suppose 0 = 28*t - 2*t - 1976. Calculate the remainder when t is divided by 26.
24
Let f(g) = g**3 - 10*g**2 - 10*g + 56. Calculate the remainder when f(11) is divided by (16/(-6) + 3)*69.
21
Let l(h) = -2*h. Calculate the remainder when l(-13) is divided by (-54)/(-15)*(-10)/(-4).
8
Suppose -5*k = -5 - 5. Calculate the remainder when k*(-19 - -14)/(2/(-5)) is divided by 9.
7
Let g = -36 + 39. Suppose 0*m = 4*m - 4*s + 20, 21 = -g*m - 3*s. Let v(l) = -l + 8. What is the remainder when 68 is divided by v(m)?
12
Let b = -1848 - -2132. What is the remainder when b is divided by 9?
5
Let g be 618/15 - 24/(-30). Suppose 46 = 2*s - l, -5*s - 5*l + g = -43. What is the remainder when s is divided by 6?
3
Let x = -333 + 343. Calculate the remainder when 43 is divided by x.
3
Let i(k) = 42*k - 6. Calculate the remainder when i(6) is divided by 19.
18
Suppose 97 = 4*d - 5*c, 3*d - 47 = -2*c + 43. Suppose -d - 11 = -3*j. Let y = 5 - -18. Calculate the remainder when y is divided by j.
10
Let r = -2 - -5. Suppose 2*j + r*q = -j + 87, 5*j - 2*q - 138 = 0. Suppose 0 = 5*m - 12 - j. Calculate the remainder when 21 is divided by m.
5
Let h = -102 + 253. What is the remainder when h is divided by 19?
18
Suppose 0 = -3*a + y + 6, 5*a - 5*y = -y + 10. Let k(m) = -6 - m**a + 14 - 8 + 38. What is the remainder when k(0) is divided by 10?
8
Suppose r - 35 = -4*l, -3*l - 152 = -3*r + 28. Let h(c) = -21*c - 91. Calculate the remainder when r is divided by h(-5).
13
Let a = -272 - -711. What is the remainder when a is divided by 34?
31
Suppose -1 + 4 = -3*m. Let h = m + -5. What is the remainder when 21 - 2/h*-3 is divided by 7?
6
Let i be 0 + (1 - 5) + 5. Calculate the remainder when 38 is divided by ((-2)/4 - i)*(-9 + -1).
8
Let h(f) = -2*f**3 + 5*f**2 + 6*f + 5. Let d(y) = 3*y**3 - 11*y**2 - 12*y - 9. Let s(b) = -3*d(b) - 5*h(b). What is the remainder when s(-5) is divided by 12?
11
Let q = 176 + -50. Let u = 231 - q. What is the remainder when u is divided by 27?
24
Suppose -3*n = -5*h - 297, -2*n + 173 = -17*h + 22*h. What is the remainder when n is divided by 51?
43
Suppose -x = -5*x - 3*d + 109, -2*d + 6 = 0. Let t = 50 - 28. Let v = t - 8. Calculate the remainder when x is divided by v.
11
Let t(q) = 20*q - 181. Calculate the remainder when 98 is divided by t(10).
3
Let f(h) = -4*h. Let r(w) = -w**2 + 17*w - 53. Let l be r(13). What is the remainder when 7 is divided by f(l)?
3
Let x = -45 - -53. Suppose 5*f + 2*r - 89 = 0, 4*f - 4*r - 30 = 58. Calculate the remainder when f is divided by x.
3
Suppose -f - 16 = -n, -5*f = 3*n - 10 + 2. What is the remainder when 15 is divided by n?
4
Suppose 6*f + 154 = 17*f. Calculate the remainder when 27 is divided by f.
13
Let b = -65 - -95. Calculate the remainder when 85 is divided by b.
25
Let y(r) = 2*r**2 - 3*r - 4. Suppose -4*n = 56*n - 480. What is the remainder when n is divided by y(3)?
3
Let i = 932 + -919. Calculate the remainder when 205 is divided by i.
10
What is the remainder when (-88 - 5)*(-4)/6 is divided by 9?
8
Suppose 1273 = 2*p + 3*y, -8*p + 5*y - 4*y = -5131. What is the remainder when p is divided by 28?
25
Calculate the remainder when 477 is divided by (-3)/(6/(-10)) - (-9 - 18).
29
Let r = -8 - -10. Let o be 3 + 14 + -2 + r. Let l = 39 - o. What is the remainder when l is divided by 8?
6
Let j = 3 - -2. Calculate the remainder when (-10)/45 + 222/27 is divided by j.
3
Let k = -14 + 8. Let a be (-16)/(-12) - k/9. Suppose -1 = -a*h + 7. Calculate the remainder when 11 is divided by h.
3
Let n(b) = b**2 - 6*b - 26. Calculate the remainder when n(11) is divided by 6.
5
Let z = 22 - 20. Suppose z*o - 98 - 40 = 0. Calculate the remainder when o is divided by 8/4 + -1 + 17.
15
Let t be 2/(-8) - 13/(-4). Suppose 3 = 3*f - t. Suppose -5*s = -o - 22, -5*o + o = f*s - 22. Calculate the remainder when 19 is divided by s.
4
Suppose 6*t - t - 1085 = 0. Suppose 16*h - t = 375. Calculate the remainder when h is divided by 19.
18
Calculate the remainder when 7 is divided by (-30)/35*((2 - -2) + -11).
1
Suppose 0 = -94*p + 109*p - 1755. Calculate the remainder when p is divided by 25.
17
Let u(s) = -2*s**3 + 29*s**2 - 13*s + 6. What is the remainder when 579 is divided by u(14)?
19
Suppose -j = 3*o + 4*j - 139, -5*o + j = -241. Let x = -6 + o. Let d = -21 + x. What is the remainder when 62 is divided by d?
20
Suppose -3*v = 5*a - 615, 0 = 2*v + 2*v. What is the remainder when a is divided by 460/11 + -8 + 630/77?
39
Let x(l) = 3*l**2 - 12*l + 11. Calculate the remainder when 226 is divided by x(4).
6
Let w = 393 + -351. Calculate the remainder when 93 is divided by w.
9
Let t = -11 + 6. Suppose 2*p = -4*o + 110, 4*o = -0*o. What is the remainder when p is divided by 2/t + 485/25?
17
Let b be (-4 - 54/(-15))*-5. Suppose -b*i = -t - 6*i + 7, -5*t = 5*i + 25. Let g = t - -17. Calculate the remainder when 13 is divided by g.
5
What is the remainder when 348 is divided by (-2)/(-10) + 8979/205?
40
Let v = 5 + -3. Suppose -5*g - 65 = -3*y, -5*y - g - 51 + 150 = 0. Suppose -4*b = v*w - y, -b + 3*b = -2*w + 14. Calculate the remainder when 7 is divided by b.
1
Let w(x) = x**2 - 2*x - 22. Suppose 7*i - 105 = 2*i. Calculate the remainder when w(-7) is divided by i.
20
Suppose 0 = -3*w + 2*r + 222, 3*w + 244*r = 240*r + 258. What is the remainder when w is divided by (32/(-6))/(1/(-3))?
14
Suppose -3*k - 27 = -j + 2*k, 0 = 2*j - 4*k - 54. Let v = -7 + j. Calculate the remainder when 98 is divided by v.
18
Let l(d) = -7*d**3 + 4*d**2 - 6*d - 9. Let p be l(-3). Suppose 11*b = -p + 685. What is the remainder when b is divided by 11?
8
Let k = 156 + -138. Let n(m) = m**3 - 19*m**2 + 18*m + 27. What is the remainder when 77 is divided by n(k)?
23
Suppose -3*k - c + 9 = 0, -5*k + 6 = 3*c - 9. Suppose 4*r - k*p - 40 + 0 = 0, -2*r + 5*p = -6. Calculate the remainder when 22 is divided by r.
9
Calculate the remainder when 50 is divided by 125/5 - 3 - 4.
14
Suppose -3*h + 6 = -0*h, -3*w - 2*h = -256. What is the remainder when w is divided by 6?
0
Suppose -4*x - u = -27, -4*x - 7*u = -11*u - 52. What is the remainder when 28 is divided by x?
4
Let q = 764 + -704. Calculate the remainder when q is divided by 33.
27
Let b(t) = -t**2 - 9*t - 7. Calculate the remainder when (-11)/((-33)/141) + 2*2 is divided by b(-5).
12
Let a(q) = q**3 - 8*q**2 + 4*q - 7. Let h be a(5). Sup